when 813 is divided by o(-3)?
1
Let n = -48 - -38. Calculate the remainder when (-5)/(n/22) + 4 + -2 is divided by 1.
0
Let l(k) = 17*k**2 - 67*k - 71. Let f = -180 - -330. What is the remainder when f is divided by l(5)?
17
Let w = 9 - -9. Let r be (3/(-2))/(w/(-48)). Suppose p - 6 = r. Calculate the remainder when 18 is divided by p.
8
Let a(y) = 3*y**2 + 2*y - 105. Calculate the remainder when a(-8) is divided by 44.
27
Let v(g) = -g**2 - 16*g + 312. Let h = -9 - -24. Calculate the remainder when h is divided by v(-27).
0
Suppose 0 = 5*f + 73 - 193. Let m be 2/1 - (-94)/2*-2. What is the remainder when (-1)/((-8)/m)*1*-4 is divided by f?
22
Let i = 141 + -137. Suppose -5*d + 0*d + i*z = -269, -d + z + 54 = 0. What is the remainder when 148 is divided by d?
42
Let t(w) = -32 + 3 - 4*w - 28 + 7*w**2 - 5*w**2. What is the remainder when t(-16) is divided by 52?
51
What is the remainder when (-304)/(-420) + 12/(-210) - 42411/(-9) is divided by 41?
39
Suppose -22*k + 16*k + 630 = 0. Calculate the remainder when 60/k*(0 - -133) is divided by 3.
1
Suppose -454*v + 450*v = -24. Let a = -11 - -11. Suppose 0 = -2*z - a*z + 32. Calculate the remainder when z is divided by v.
4
Let x(y) = -6*y + 47. Let q be x(-8). Suppose -9*f - q = -221. Suppose 93 = 4*l - 107. Calculate the remainder when l is divided by f.
8
Let q be (-18)/(-3) - (-4)/2. Suppose b + q - 30 = 0. What is the remainder when (-238)/(-1309) - 2139/33*-1 is divided by b?
21
Suppose 0 = 3*d - 5*r - 1807, -4*d + 271 = 5*r - 2185. What is the remainder when d is divided by 303?
3
Let x be (9 - 1)/4 + -2. Suppose o + 4*j - 20 = x, 1 = -3*o + j + 9. Suppose 711 = 5*u + o*u. Calculate the remainder when u is divided by 41.
38
Let j(l) = -4*l**2 + 118*l + 43. What is the remainder when 48 is divided by j(0)?
5
Suppose -249 = -v + 4*n - 70, -5 = n. What is the remainder when 266 is divided by v?
107
Let h(g) = 7*g**2 + 5*g - 49. Let v(t) = t**2. Let i(y) = -h(y) + 6*v(y). Suppose z = 4*z - 69. Calculate the remainder when z is divided by i(-9).
10
Suppose -7709 = -k - 18*w + 22*w, 3*w = -5*k + 38683. Calculate the remainder when k is divided by 91.
89
Suppose -45*y = 8*y - 34397. Calculate the remainder when y is divided by 30.
19
Let u(j) = -j**3 + 6*j**2 + 2*j - 30. Let h be u(4). Suppose 5*w + h = 900. Calculate the remainder when w is divided by 36.
34
Let v = -29704 - -29837. What is the remainder when 767 is divided by v?
102
Suppose 3*d - 2*k - 25 = 0, -8*k = 3*d - 4*k - 31. What is the remainder when 610 is divided by d?
7
Let p(g) = -9*g - 435. Let n be p(-24). Let f = n + 240. Calculate the remainder when 36 is divided by f.
15
Calculate the remainder when 2785 is divided by ((2080/117)/4)/((-2)/(-9)).
5
Let k(z) = -9*z + 65. Let l be k(7). Suppose -6*o + 5*o - 5*q = -53, l*o - 128 = q. Calculate the remainder when o is divided by 33.
30
Calculate the remainder when -243*((-350)/15)/14 is divided by 37.
35
Suppose -2*n - 27 = -13, 0 = -3*y + 5*n + 4403. Calculate the remainder when y is divided by 229.
82
Let z be (-1)/(-1*4/220) - -2. Suppose 147 = 2*c + z. Let h = c - 42. What is the remainder when 7 is divided by h?
1
Let t(d) = 3*d + 25. Let j(l) = -l + 11. Let u be j(11). Suppose 5*q - 5*r + 0*r + 50 = u, -2*q + 5*r = 26. What is the remainder when 3 is divided by t(q)?
0
Suppose -32*j + 33489 = -32367. What is the remainder when j is divided by 206?
204
Let g(w) = 6298*w**3 + w**2 - 3*w + 3. What is the remainder when g(1) is divided by 60?
59
Let n be (8880/259)/((1 + 0)/7). Let a = 382 - n. What is the remainder when a is divided by 54/(-2*3/(-4))?
34
Suppose -325 = -3*i - 2*i. Let j(f) = -5*f**2 + 32*f + 26. Let r be j(7). Suppose -318 = r*m - 488. What is the remainder when i is divided by m?
31
Let o be -6*4/84 + 153/21. Suppose 48 = o*c - 246. What is the remainder when c is divided by 20?
2
Suppose -2*x + 5*w + 82 = 3*w, 5*w + 157 = 4*x. What is the remainder when 9549 is divided by x?
45
Suppose 3 = k + 2*k, -5*k + 173 = 4*s. What is the remainder when -6*(27/(-2))/(24/48) is divided by s?
36
Let p(k) = 3*k**3 - 11*k**2 + 6*k + 4. Let y be (50/12 + 2/(-12))*1. Let i be p(y). Suppose -49*x = -i*x - 680. Calculate the remainder when x is divided by 23.
21
Suppose 0 = 5*g - 4*x - 118, -12 = 3*x - 6. Calculate the remainder when 209 is divided by g.
11
Suppose 10*c = -2*c - 24. Calculate the remainder when 228 is divided by c/(-6)*(1080/8 - -3).
44
Let d(c) = -2*c - 12. Let z be d(-8). What is the remainder when (6/z)/((-5)/(-290)) is divided by (-2)/(3*3/(-99))?
21
Let s = -28 + 52. What is the remainder when (4 - 5)*0/1 + -5 + 238 + -198 is divided by s?
11
Let a be (-120)/(-25)*(-30)/(-9). Suppose a = w + 3*w. Suppose 4*d - 67 = -3*s, 4*d + w*s = -0*d + 72. Calculate the remainder when 75 is divided by d.
10
Suppose 6*k = 12*k - 324. Suppose -39 = -y - 4*o, 2*o = -51*y + k*y - 173. Calculate the remainder when y is divided by 21.
13
Let s(g) = g**3 + 12*g**2 + 24*g - 17. Let i be s(-5). Let t = i + -20. What is the remainder when 85 is divided by t?
13
Let b(m) be the second derivative of m**5/20 + m**4/2 - 8*m**3/3 + m**2 - 25*m. Let i be b(-8). Let z = i + 9. Calculate the remainder when 39 is divided by z.
6
Suppose 0 = 17*a - 14*a - 15, 5*a - 19 = -3*n. Calculate the remainder when 496/14 + 18/(-42) + n is divided by 24.
9
Let b(g) = -81*g**2 + 492*g + 2. Calculate the remainder when b(6) is divided by 27.
11
Let f be (-48)/(-4)*1 - -1*2. Let b be 61 + (-2)/(-7) + (-18)/f. Calculate the remainder when 3/1 - b/(-6) is divided by 4.
1
Let x = 7 + -2. Suppose -12*w - x*w + 527 = 0. Calculate the remainder when w is divided by 15.
1
What is the remainder when 8/(-44) - (-1)/11*10012 is divided by 83?
80
Suppose -q - 2 = 2. Let v be 0/(-2 - (q - -1)). Suppose 0 = f - v*f - 159. What is the remainder when f is divided by 23?
21
Suppose 15*b - 312 = 14*b. Calculate the remainder when (96*-1)/(-2) + 0 is divided by (b/96)/(2/8).
9
What is the remainder when 15506 is divided by (-20)/(-6)*315/(-140)*(-66)/9?
51
Let z be (-1)/((-35)/(-10) - 4). Suppose z*b - 12 = 136. What is the remainder when 293 is divided by b?
71
Suppose -68 + 168 = 10*s. Calculate the remainder when 54 is divided by s.
4
Let l be 2/8 + (-176)/(-64). Suppose 28 = l*c - 10*c. Calculate the remainder when 26 is divided by (-2 + 4)*1/c*-14.
5
Let w = 6423 - 6407. Calculate the remainder when 522 is divided by w.
10
Suppose 63*u + m - 5063 = 60*u, 5059 = 3*u - m. What is the remainder when u is divided by 47?
42
Let g be 72/120 + 106/(-10) + 1. What is the remainder when 330 is divided by (68/4)/(((-54)/24)/g)?
58
Let x(p) = -p**2 + 19*p + 54. Let u be x(10). Suppose 3*l = 4*g - u, 162 + 18 = 5*g - 5*l. Suppose -2 = 2*w - 40. What is the remainder when g is divided by w?
17
Let u be (50/(-35))/(25/(-70)). Suppose -204 = -4*q + 2*d + 52, 2*q - u*d - 128 = 0. Calculate the remainder when q is divided by 5.
4
Suppose -16*z = -117 - 683. Calculate the remainder when 799 is divided by z.
49
Let b be 4/30 + 699998/390. Suppose -4*q - 8*g + 1438 = -5*g, -5*q - 5*g = -b. What is the remainder when q is divided by 33?
31
Suppose 2*f = -10, 740 + 1010 = 5*y + 5*f. Let i = 79 + -62. What is the remainder when y is divided by i?
15
Let p(u) be the second derivative of -u**5/20 - 5*u**4/6 + 31*u**3/6 + 33*u**2/2 - 13*u. Calculate the remainder when p(-13) is divided by 7.
4
Suppose 4*s = 8 + 4. Let b(v) = 1 + 6*v + 8 + 3 - 2*v. Calculate the remainder when 42 is divided by b(s).
18
Let u(o) = o**3 - 11*o**2 + 12*o - 17. Let n be u(10). Calculate the remainder when (28/n)/((64/(-168))/(-4)) is divided by 11.
10
Suppose 0 = 30*g + 3*f - 4053 - 1713, 378 = 2*g - 3*f. Let n = 60 + -11. What is the remainder when g is divided by n?
45
Suppose 0 = -3*j - 2*j + 60. Let u = 98 + j. Let l = 7 + 9. What is the remainder when u is divided by l?
14
Let w(l) = 113*l - 9. Let n be w(1). Suppose 0*t + 4*t - n = 0. What is the remainder when 64 is divided by t?
12
Suppose -28*a - 1584 = 26*a - 63*a. Let m(q) = q**3 - q + 59. Let w = 13 - 13. What is the remainder when a is divided by m(w)?
58
Let f = -2591 + 3725. What is the remainder when f is divided by 376?
6
Let i(m) = -7*m + 3. Suppose 156*q - 172*q = -2352. Calculate the remain